 4*f = 325 + 111, 0 = -2*l - 4*f + 216. Calculate the greatest common divisor of n and l.
10
Suppose -6*f - 3580 = 20*f - 15410. Calculate the greatest common divisor of f and 1105.
65
Let k(p) = -p**3 + 4*p**2 + 39*p - 2. Let n be k(-7). Calculate the highest common factor of n and 2328.
24
Suppose 4*l = 12, 4*z + 5*l - 154 = 3*l. Suppose z*j - 42*j = -2340. Calculate the highest common factor of 52 and j.
52
Let o(b) = -2*b + 13. Let m be 130/39*6/4. Let i be o(m). Suppose -i*h + 32 + 478 = 4*p, -636 = -5*p - 3*h. What is the highest common factor of 14 and p?
14
Suppose 51*t = 13*t + 3914. What is the greatest common divisor of t and 927?
103
Let u be 146/10 + 63/(-105). Suppose -u*t + 11*t - 420 = 0. Let v = t + 257. Calculate the greatest common divisor of v and 39.
39
Let j = 70 + -66. Let h(d) = 38*d - 6. Let t be h(j). Let u = t - 94. What is the highest common factor of 65 and u?
13
Let t(i) = 5*i**3 - 9*i**2 + 1135*i - 3408. Let b be t(3). Suppose o = 4*o - 54. Calculate the greatest common factor of b and o.
3
Let y = 10028 + -10019. Suppose 25 = 3*x - 0*x + 2*b, -3*b = 4*x - 33. Calculate the highest common divisor of y and x.
9
Suppose 368706 = -10*p + 97*p. What is the highest common divisor of 26 and p?
26
Let t(q) = 4*q**2 + 8*q + 8. Let g be t(-4). Let i = g + -28. What is the highest common divisor of i and 156?
12
Suppose -3*w + 21*o - 24*o = -357, -4*w + 458 = 2*o. Suppose -5*n = -h - 10, 5*h - 2*n = -4*n + 58. Calculate the greatest common divisor of h and w.
10
Let l be ((-4)/(-16) + (-17256)/32)*-1. Suppose -j + f + 2*f + 20 = 0, 0 = -2*j - 3*f + 13. What is the greatest common divisor of j and l?
11
Suppose -127*m + 3306 + 1192 = 46*m. What is the greatest common divisor of m and 14456?
26
Suppose -6*x + 0 = 282. Let o = -15 - x. What is the greatest common factor of 112 and o?
16
Suppose -22 = 3*w - 16. Let o be w + (72/8 - -11). What is the highest common factor of 54 and o?
18
Suppose 40*x = 653 + 3347. Calculate the highest common divisor of 500 and x.
100
Let n(v) = -3 + 2 - 1 + 16*v**2 - 5*v. Let p = -1021 + 1025. Let f be n(p). Calculate the highest common factor of f and 26.
26
Let h be 3 + 16/(-8) - -1. Suppose -g - 2*s = -374, -3*s - h*s = 4*g - 1493. Calculate the greatest common divisor of g and 12.
12
Let z be 3 - 4/(-8)*(20 - 12). Calculate the greatest common divisor of 1792 and z.
7
Let r(l) = 6*l**3 - 7*l**2 + 14*l + 73. Let p be r(8). Calculate the greatest common divisor of 318 and p.
53
Let g = 7156 + -2586. What is the highest common factor of g and 40?
10
Let w(i) = 4*i**2 - 23*i - 462. Let v be w(-12). Calculate the greatest common divisor of 2184 and v.
78
Let h(f) = -2*f**2 - 7*f. Let d be h(-3). Suppose -5*k + 4*v - 258 = 0, d*k + 126 + 51 = -5*v. Let i = k - -87. What is the greatest common factor of 22 and i?
11
Suppose -1275*i = -1273*i - 24. Suppose 0 = -4*z + 285 - 45. What is the highest common factor of z and i?
12
Let c(r) = -r**3 - 53*r**2 - 155*r + 290. Let p be c(-50). Calculate the highest common divisor of 255 and p.
15
Suppose -118 = 3*y - 373. Let k be ((-204)/y)/((-4)/(-10)). Let o = k - -18. Calculate the highest common factor of o and 3.
3
Let w be (9 - (-444)/(-42))*19544/(-8). Calculate the greatest common factor of 22 and w.
11
Suppose a - 5*a + 60 = -3*s + 7*s, s = 0. What is the greatest common divisor of a and 7635?
15
Let r(y) = -y + 13. Let b be r(9). Let k(u) = u - 2. Let l be k(6). Suppose 0*s = l*s + b*a - 220, 4 = a. Calculate the highest common divisor of 17 and s.
17
Let r be (-1)/(-5) - 717/(-15). Suppose u + g - 230 = 397, -10*g - 12 = -14*g. Calculate the greatest common factor of u and r.
48
Suppose 7*j - 11 = 3. Let y be j/(-3) - -3*(-4)/9. Let c be ((-12)/12)/(y/156*1). What is the highest common divisor of 39 and c?
39
Suppose 0 = -6*j + 34 - 16. Suppose -4*b = -j*b + 4*k - 104, 3*b + k - 279 = 0. Calculate the greatest common divisor of b and 4.
4
Let c = 1722 - 1542. Calculate the highest common divisor of 306 and c.
18
Let w(k) = k**3 - 26*k**2 + 27*k + 73. Let r(b) = -5*b + 5. Let j be r(-4). Let t be w(j). What is the highest common factor of t and 41?
41
Let r = 202 - 198. Suppose r*d - 13 = -a, 0 = -0*a - 4*a + 4. Calculate the highest common factor of d and 51.
3
Suppose -659 = -3*l - s, -17*l = -12*l + 3*s - 1105. Let b = -108 + l. Suppose 0 = f - 4 - 6. What is the greatest common factor of b and f?
10
Let f be (6/(-4))/((-5)/110). Let c be f/(-2)*40/(-30). Suppose -3*m - 4 = -c. Calculate the greatest common factor of m and 66.
6
Let o be 2212/26 - (4427/(-247) + 18). Let x(k) = -10*k - 6. Let j be x(-4). Calculate the highest common divisor of j and o.
17
Suppose 4*q - 4*b - 112 = 0, 10*q - 2*b + 112 = 15*q. What is the highest common factor of q and 2616?
24
Let v = 7 - -8. Let x(q) = -8*q - 7*q + 7*q + 9. Let h be x(-12). What is the highest common divisor of h and v?
15
Suppose 2988 = 6*z - 3*u, 48*z - 52*z - u = -1986. Calculate the greatest common factor of z and 49.
7
Suppose n - 4*d - 425 - 69 = 0, 5*n = -4*d + 2470. What is the greatest common divisor of n and 26?
26
Let z be (-19716)/(-15) + (-6)/15. Calculate the greatest common factor of z and 72.
18
Let h be 721 - ((-25)/(250/12) + (-18)/(-15)). Calculate the greatest common factor of 14 and h.
7
Suppose -55*c = 50*c - 106*c + 3468. What is the greatest common divisor of 255 and c?
51
Let r(l) = 3*l + 107. Let d be r(-29). Let g = 16 + d. What is the greatest common factor of 24 and g?
12
Let f be (2 + -90)*(-12)/((-384)/(-112)). Suppose 4*d - i - 11 = 46, 33 = 2*d - 5*i. What is the highest common divisor of f and d?
14
Let z be (-47)/(-329) + 36222/21. What is the highest common factor of z and 138?
69
Suppose -m + 22445 = 5*u, 16*u - 20*u - 3*m = -17967. Calculate the highest common factor of u and 66.
66
Let a(o) = -10 - 2*o - o - 11*o + 7*o. Let n be a(-2). Suppose 4*h = n*g - 180, 5*g = 3*h + 228 - 9. What is the highest common factor of 63 and g?
21
Suppose 0 = 4*t - 8*t - 2*x + 42, -t = 2*x - 6. Suppose -t*l + 13*l = 0. Suppose 3*z + 5*z - 8 = l. What is the greatest common divisor of z and 4?
1
Let x(i) = 2*i**3 + 26*i**2 - 21*i + 147. Let j be x(-14). Calculate the highest common divisor of 1953 and j.
7
Let f = 2559 - -7181. Calculate the highest common divisor of 20 and f.
20
Suppose 5*a + 138 = 4*d, -4*d + 1541 - 1417 = 2*a. What is the greatest common factor of 296 and d?
8
Let b(d) = -9*d**3 - 13*d**2 - 23*d + 15. Let z be b(-5). What is the highest common factor of z and 72?
6
Let d = 3 - 7. Let a be d*9/12 + 19. What is the greatest common factor of 80 and a?
16
Let q be (-97722)/(-20) - 16/160. What is the highest common factor of 28 and q?
14
Suppose -163 + 173 = 5*p, 4916 = 4*m - 2*p. What is the highest common divisor of 90 and m?
30
Let d = 79 - 79. Suppose -3*l - 5*t + 4 + 29 = 0, d = 2*l - 3*t - 22. Suppose 0 = -l*m + 58 + 8. Calculate the highest common factor of 4 and m.
2
Suppose -j + 112 = 307. Let o = j - -233. Calculate the highest common divisor of o and 19.
19
Let w = -96 - -109. Suppose 5*y = 5*f - 60, -9*f = -w*f + 2*y + 48. What is the highest common factor of 48 and f?
12
Suppose -56*g + 3*b + 36 = -53*g, -2*g = b - 15. Calculate the greatest common divisor of g and 2250.
9
Let k = -577 - -751. Let j = 293 - k. What is the highest common factor of j and 34?
17
Let y = 44 - 33. Let i(f) = -37*f - 1329. Let x be i(-38). Calculate the greatest common divisor of y and x.
11
Let l = 375 - 362. Suppose -t + l*g = 9*g - 70, 4*g - 30 = -t. What is the highest common divisor of 250 and t?
50
Let t(u) = -u**3 - 10*u**2 + 33*u - 10. Let n be t(-15). What is the highest common divisor of n and 837?
31
Let l(m) = -906*m - 12040. Let o be l(-14). Calculate the highest common factor of 16 and o.
4
Let r = 420 - 204. Suppose 0 = -2*p - 6*k + 66, 3*k - 60 = 7*p - 9*p. What is the greatest common divisor of p and r?
27
Suppose 6030 = 17*w - 532. Suppose 1704 + w = 5*n. What is the highest common divisor of 38 and n?
38
Let a(v) = 86*v - 6. Let l be a(1). Suppose 76 = w - 3*c, w - 5*c - l = -0*c. What is the greatest common factor of w and 5?
5
Suppose 0 = 46*m - 19*m - 4671. Let z = 183 - m. Calculate the greatest common divisor of z and 320.
10
Suppose -4*p -